 is -1040313154 (base 6) in base 13?
-242c2cc
-24216464 (base 7) to base 11
-1242918
What is -121351620 (base 7) in base 13?
-175ab92
What is -546046 (base 7) in base 10?
-95731
30332132331 (base 4) to base 2
1100111110011110111101
-101000010010011101 (base 2) to base 15
-33d66
495c0 (base 16) to base 15
5e070
2022100010102 (base 3) to base 14
23d22b
What is 2a0b3 (base 14) in base 2?
11001011111101101
What is 26d75e (base 15) in base 14?
368ab5
What is 87279 (base 12) in base 7?
1342005
What is -16439 (base 16) in base 7?
-526604
Convert -55537 (base 10) to base 15.
-116c7
What is -17505681 (base 9) in base 7?
-134551165
3724d (base 14) to base 5
13304132
Convert 36f42 (base 16) to base 13.
7b5b8
-1d501 (base 14) to base 10
-75069
What is 15081 (base 11) in base 2?
101001110001001
What is -22c67 (base 16) in base 15?
-2c30e
Convert 117562 (base 8) to base 4.
21331302
-101000000011100011 (base 2) to base 9
-270046
-3801269 (base 10) to base 12
-1333985
1222201102102 (base 3) to base 5
232313413
Convert -613154 (base 7) to base 13.
-38669
Convert -172457 (base 9) to base 11.
-73280
55727 (base 8) to base 2
101101111010111
Convert 224022334 (base 5) to base 13.
290b79
-177838 (base 13) to base 2
-10001111100011011110
Convert -1012322023 (base 4) to base 8.
-1067213
-9087 (base 13) to base 7
-111654
What is 101001100010100011 (base 2) in base 15?
35632
-956282 (base 14) to base 9
-10445507
What is -332033125 (base 6) in base 7?
-101541236
Convert 2102210100 (base 3) to base 16.
bb59
Convert 14045455 (base 6) to base 9.
800748
221030010 (base 6) to base 12
13b5306
What is -3145352 (base 9) in base 10?
-1683551
Convert -24132103 (base 5) to base 16.
-36b1c
-1234401 (base 6) to base 13
-2470c
110110101001010110 (base 2) to base 7
1621365
What is 47d377 (base 16) in base 10?
4707191
Convert -102210131 (base 4) to base 11.
-52167
What is 15917c (base 15) in base 13?
2a6ab6
2420567 (base 8) to base 11
413900
Convert 13004100 (base 5) to base 12.
60785
Convert 325415 (base 8) to base 16.
1ab0d
-2292a50 (base 12) to base 6
-354434540
Convert 52b947 (base 13) to base 8.
7313606
Convert -3526224 (base 8) to base 4.
-3222302110
Convert aa47a (base 14) to base 10.
412492
-eb7a0 (base 15) to base 2
-10110110100001010000
-1010111101001100011000 (base 2) to base 9
-5356678
What is -20122212220 (base 3) in base 7?
-1054215
2317803 (base 12) to base 15
8d5ad6
What is 2649c (base 13) in base 2?
10001010111000101
Convert -1001001220011 (base 3) to base 16.
-86e39
Convert 1f592 (base 16) to base 7.
1043231
-14444034 (base 5) to base 8
-460760
Convert -1213333040 (base 5) to base 15.
-3baa15
What is 145982a (base 14) in base 5?
10013233324
Convert -873a3 (base 11) to base 12.
-61549
Convert -2210311122 (base 4) to base 13.
-1a8407
46415 (base 12) to base 8
267321
Convert -1b7269 (base 13) to base 4.
-2223031110
Convert 44760640 (base 8) to base 14.
1403c9a
Convert 213012133 (base 4) to base 16.
2719f
What is -4413224 (base 5) in base 13?
-28811
Convert -46239a (base 11) to base 6.
-23431344
What is 326b86 (base 16) in base 15?
4540d6
Convert -10441533 (base 6) to base 14.
-83573
What is 13021313311 (base 5) in base 12?
5363917
What is 1423043 (base 7) in base 11?
12033a
-82535 (base 9) to base 4
-31101233
What is 170338 (base 10) in base 6?
3352334
Convert 11212210211 (base 3) to base 10.
96088
What is 1405246 (base 8) in base 3?
202010010112
Convert 434013021 (base 5) to base 10.
1860386
Convert -5523279 (base 10) to base 2.
-10101000100011101001111
Convert 921502 (base 10) to base 11.
57a37a
-896111 (base 10) to base 9
-1615208
Convert 76a56 (base 15) to base 3.
201011002100
8b138 (base 15) to base 3
211110212022
3319371 (base 11) to base 9
11857227
What is -144234134 (base 5) in base 6?
-24332410
-10011202120 (base 3) to base 8
-172070
What is -23111302 (base 5) in base 6?
-4234405
What is 3132332233 (base 4) in base 9?
1641757
What is -35804 (base 10) in base 4?
-20233130
117c744 (base 13) to base 12
1997a00
Convert -36cd65 (base 14) to base 3.
-10112111020100
What is -11576666 (base 9) in base 12?
-1a8b906
What is -10380115 (base 9) in base 2?
-10011000111110011011011
What is 146c9cb (base 14) in base 11?
56837aa
What is -213232001230 (base 4) in base 16?
-9ee06c
-46560 (base 10) to base 13
-18267
-110011101010101101010011 (base 2) to base 11
-7711018
11112222022 (base 3) to base 14
24956
236da (base 15) to base 4
123210202
What is -101044331 (base 5) in base 6?
-12435033
Convert 1aa0e (base 16) to base 5.
11442240
Convert 11111101001010101 (base 2) to base 15.
28616
275124 (base 8) to base 3
11220212010
-a66b9 (base 15) to base 7
-4326300
What is 14004211112 (base 5) in base 14?
24b550d
What is -6636117 (base 8) in base 11?
-100a037
-102200021011200 (base 3) to base 2
-10111101010111110111110
Convert -95973 (base 11) to base 5.
-13431333
Convert -341774 (base 12) to base 4.
-3023030020
What is 55406241 (base 7) in base 4?
102031313031
Convert -10020201 (base 3) to base 14.
-c12
Convert -6275214 (base 8) to base 3.
-10010211111102
130102033 (base 4) to base 15
244da
What is 1b13c4 (base 14) in base 13?
279976
Convert 11010002210122 (base 3) to base 8.
10257147
Convert 3310835 (base 10) to base 11.
1961530
-10011111110101000 (base 2) to base 10
-81832
140043 (base 7) to base 3
1100021100
Convert -62aa15 (base 13) to base 10.
-2308558
-1a5110b (base 12) to base 13
-12049c7
Convert 203ea8 (base 15) to base 10.
1532183
4531a2 (base 11) to base 15
e3c40
-43024 (base 13) to base 6
-2331321
What is 11260126 (base 7) in base 10?
989281
What is -1516 (base 11) in base 2?
-11110100001
What is 5233c (base 15) in base 16?
3f9ff
What is -16127 (base 11) in base 16?
-58f9
What is 244b57 (base 14) in base 5?
304230041
1398217 (base 11) to base 3
11111210121021
Convert -70525 (base 8) to base 13.
-1028a
What is -6fa7d3 (base 16) in base 4?
-123322133103
What is -10011001010000101101101 (base 2) in base 16?
-4ca16d
What is 41305525 (base 6) in base 14?
23007b
What is 15da82 (base 15) in base 6?
34405335
Convert 774976 (base 11) to base 16.
12dd74
Convert -45350036 (base 7) to base 11.
-2254926
-2674464 (base 9) to base 3
-2202111112011
Convert -2b8687 (base 12) to base 8.
-2646307
-302022320 (base 4) to base 12
-9ab08
Convert -88200 (base 14) to base 10.
-329672
-669462 (base 12) to base 15
-224075
Convert 22cb3 (base 16) to base 9.
236440
5888 (base 10) to base 5
142023
Convert -3bc960 (base 13) to base 6.
-51112445
-40e8b7 (base 15) to base 14
-5a4c82
What is -10002201120 (base 3) in base 8?
-167153
Convert 1000001000110110001 (base 2) to base 7.
2160321
Convert 3c2c8 (base 16) to base 14.
65b72
Convert 4161571 (base 9) to base 6.
115410401
Convert -100121201202121 (base 3) to base 8.
-23400760
aa767 (base 12) to base 2
110111000110111111
-3217425 (base 8) to base 16
-d1f15
What is 1402010031 (base 5) in base 12?
1230b64
What is -2bec5 (base 15) in base 5?
-14013320
What is -10a7cc5 (base 14) in base 4?
-132101113011
What is -12103322202 (base 4) in base 2?
-110010011111010100010
What is 1212022200121 (base 3) in base 2?
11110001110100010100
Convert -512200 (base 7) to base 5.
-10242340
Convert -2766844 (base 9) to base 5.
-342130103
2102212121010 (base 3) to base 7
14010111
What is 3c8ea (base 16) in base 8?
744352
-6341604 (base 9) to base 2
-1100111100011011101000
What is -424413112 (base 5) in base 8?
-6661336
What is 216522322 (base 7) in base 5?
11331224400
Convert 65345 (base 12) to base 14.
36949
Convert -3000160 (base 9) to base 6.
-54101430
Convert 444524223 (base 6) to base 14.
10ddd67
-5320305 (base 6) to base 7
-2130005
11512114 (base 8) to base 15
34e207
173174 (base 9) to base 11
73696
Convert -330232545 (base 6) to base 14.
-ad7985
Convert 10201012222021 (base 3) to base 4.
13201212232
What is -97a849 (base 13) in base 16?
-366593
Convert -79c87 (base 14) to base 2.
-1001000010010001111
Convert 1e439b (base 16) to base 7.
22600320
What is -3c80b (base 15) in base 3?
-100212101002
What is 569d6 (base 15) in base 10?
275601
-32241424 (base 5) to base 6
-5515210
What is -16097c (base 13) in base 12?
-222b8b
-313230 (base 9) to base 8
-553344
Convert 481a97 (base 12) to base 6.
40543111
Convert ad174 (base 14) to base 3.
210100022101
500158 (base 10) to base 1